{"id":812,"date":"2023-05-24T14:55:45","date_gmt":"2023-05-24T12:55:45","guid":{"rendered":"https:\/\/www.betaimages.de\/stiftung\/?page_id=812"},"modified":"2023-06-27T10:37:58","modified_gmt":"2023-06-27T08:37:58","slug":"werbemoeglichkeiten","status":"publish","type":"page","link":"http:\/\/www.betaimages.de\/golfpw\/werbemoeglichkeiten\/","title":{"rendered":"Werbem\u00f6glichkeiten"},"content":{"rendered":"[vc_row][vc_column]<figure class=\"vcex-image vcex-module wpex-clr\"><div class=\"vcex-image-inner wpex-relative wpex-inline-block\"><img decoding=\"async\" width=\"1920\" height=\"475\" src=\"http:\/\/www.betaimages.de\/golfpw\/wp-content\/uploads\/2023\/06\/Headerbild_GolfclubHedesheim_Werbemoeglichkeiten.jpg\" class=\"wpex-align-middle\" alt=\"\" loading=\"lazy\" srcset=\"http:\/\/www.betaimages.de\/golfpw\/wp-content\/uploads\/2023\/06\/Headerbild_GolfclubHedesheim_Werbemoeglichkeiten.jpg 1920w, http:\/\/www.betaimages.de\/golfpw\/wp-content\/uploads\/2023\/06\/Headerbild_GolfclubHedesheim_Werbemoeglichkeiten-300x74.jpg 300w, http:\/\/www.betaimages.de\/golfpw\/wp-content\/uploads\/2023\/06\/Headerbild_GolfclubHedesheim_Werbemoeglichkeiten-1024x253.jpg 1024w, http:\/\/www.betaimages.de\/golfpw\/wp-content\/uploads\/2023\/06\/Headerbild_GolfclubHedesheim_Werbemoeglichkeiten-768x190.jpg 768w, http:\/\/www.betaimages.de\/golfpw\/wp-content\/uploads\/2023\/06\/Headerbild_GolfclubHedesheim_Werbemoeglichkeiten-1536x380.jpg 1536w\" sizes=\"auto, (max-width: 1920px) 100vw, 1920px\" \/><\/div><\/figure>[\/vc_column][vc_column width=&#8220;5\/6&#8243; offset=&#8220;vc_col-lg-offset-2 vc_col-lg-8 vc_col-md-offset-1 vc_col-md-10 vc_col-sm-offset-1 vc_col-xs-offset-1 vc_col-xs-10&#8243;]<div class=\"vcex-heading vcex-module wpex-text-2xl wpex-font-normal wpex-m-auto wpex-max-w-100 vcex-heading-plain wpex-block wpex-text-center vc_custom_1685692541968\"><span class=\"vcex-heading-inner wpex-inline-block wpex-clr\">WERBEM\u00d6GLICHKEITEN<\/span><\/div>[vc_column_text text_align=&#8220;center&#8220;]\n<p style=\"text-align: center;\">Die Gutperle Golf Courses mit dem Golfclub Heddesheim, dem Golfpark Kurpfalz, dem Golfplatz Pf\u00e4lzerwald und dem Golfplatz Rheintal haben sich in den letzten Jahren zu den Top-Pl\u00e4tzen in der Region Rhein-Neckar-Pfalz entwickelt. Nutzen Sie diese Plattform, ihre \u00fcber 4.300 Mitglieder und zahlreichen G\u00e4ste zur Pr\u00e4sentation Ihres Unternehmens und werden Sie Partner der Gutperle Golf Courses.<\/p>\n<p style=\"text-align: center;\">Dabei bieten wir Ihnen die unterschiedlichsten M\u00f6glichkeiten an: Von Werbung auf dem Platz \u00fcber Printwerbung bis hin zum Sponsoring von Turnieren.<\/p>\n[\/vc_column_text]<div class=\"vcex-heading vcex-module wpex-text-2xl wpex-font-normal wpex-m-auto wpex-max-w-100 vcex-heading-plain wpex-block wpex-text-center vc_custom_1685006213371\" style=\"color:#000000;font-size:20px;font-weight:500;\"><span class=\"vcex-heading-inner wpex-inline-block wpex-clr\">WIR HABEN IHR INTERESSE GEWECKT?<\/span><\/div>[vc_column_text text_align=&#8220;center&#8220;]\n<p style=\"text-align: center;\">F\u00fcr mehr Informationen rufen Sie uns an oder schreiben uns eine Mail.<\/p>\n<p style=\"text-align: center;\">Selbstverst\u00e4ndlich stehen wir Ihnen auch gerne im pers\u00f6nlichen Gespr\u00e4ch zur Verf\u00fcgung und freuen uns \u00fcber Ihre\u00a0<a href=\"mailto:marketing@gutperle.com\"><span style=\"text-decoration: underline;\">Kontaktaufnahme.<\/span><\/a><\/p>\n[\/vc_column_text][\/vc_column][\/vc_row]\n","protected":false},"excerpt":{"rendered":"<p>[vc_row][vc_column][\/vc_column][vc_column width=&#8220;5\/6&#8243; offset=&#8220;vc_col-lg-offset-2 vc_col-lg-8 vc_col-md-offset-1 vc_col-md-10 vc_col-sm-offset-1 vc_col-xs-offset-1 vc_col-xs-10&#8243;][vc_column_text text_align=&#8220;center&#8220;] Die Gutperle Golf Courses mit dem Golfclub Heddesheim, dem Golfpark Kurpfalz, dem Golfplatz Pf\u00e4lzerwald und dem Golfplatz Rheintal haben sich in den letzten Jahren zu den Top-Pl\u00e4tzen in der Region Rhein-Neckar-Pfalz entwickelt. Nutzen Sie diese Plattform, ihre \u00fcber 4.300 Mitglieder und zahlreichen G\u00e4ste zur Pr\u00e4sentation&hellip;<\/p>\n","protected":false},"author":1,"featured_media":0,"parent":0,"menu_order":0,"comment_status":"closed","ping_status":"closed","template":"","meta":{"footnotes":""},"class_list":["post-812","page","type-page","status-publish","hentry","entry","no-media"],"_links":{"self":[{"href":"http:\/\/www.betaimages.de\/golfpw\/wp-json\/wp\/v2\/pages\/812","targetHints":{"allow":["GET"]}}],"collection":[{"href":"http:\/\/www.betaimages.de\/golfpw\/wp-json\/wp\/v2\/pages"}],"about":[{"href":"http:\/\/www.betaimages.de\/golfpw\/wp-json\/wp\/v2\/types\/page"}],"author":[{"embeddable":true,"href":"http:\/\/www.betaimages.de\/golfpw\/wp-json\/wp\/v2\/users\/1"}],"replies":[{"embeddable":true,"href":"http:\/\/www.betaimages.de\/golfpw\/wp-json\/wp\/v2\/comments?post=812"}],"version-history":[{"count":6,"href":"http:\/\/www.betaimages.de\/golfpw\/wp-json\/wp\/v2\/pages\/812\/revisions"}],"predecessor-version":[{"id":1851,"href":"http:\/\/www.betaimages.de\/golfpw\/wp-json\/wp\/v2\/pages\/812\/revisions\/1851"}],"wp:attachment":[{"href":"http:\/\/www.betaimages.de\/golfpw\/wp-json\/wp\/v2\/media?parent=812"}],"curies":[{"name":"wp","href":"https:\/\/api.w.org\/{rel}","templated":true}]}}