{"id":1006,"date":"2023-05-26T08:59:41","date_gmt":"2023-05-26T06:59:41","guid":{"rendered":"https:\/\/www.betaimages.de\/stiftung\/?page_id=1006"},"modified":"2023-06-02T09:04:40","modified_gmt":"2023-06-02T07:04:40","slug":"allg-informationen","status":"publish","type":"page","link":"http:\/\/www.betaimages.de\/stiftung\/allg-informationen\/","title":{"rendered":"allg-informationen"},"content":{"rendered":"[vc_row][vc_column]<figure class=\"vcex-image vcex-module wpex-clr\"><div class=\"vcex-image-inner wpex-relative wpex-inline-block\"><img decoding=\"async\" width=\"1920\" height=\"475\" src=\"http:\/\/www.betaimages.de\/stiftung\/wp-content\/uploads\/2023\/06\/jugend_allgemeineinfos_9I1A6547.jpg\" class=\"wpex-align-middle\" alt=\"\" loading=\"lazy\" srcset=\"http:\/\/www.betaimages.de\/stiftung\/wp-content\/uploads\/2023\/06\/jugend_allgemeineinfos_9I1A6547.jpg 1920w, http:\/\/www.betaimages.de\/stiftung\/wp-content\/uploads\/2023\/06\/jugend_allgemeineinfos_9I1A6547-300x74.jpg 300w, http:\/\/www.betaimages.de\/stiftung\/wp-content\/uploads\/2023\/06\/jugend_allgemeineinfos_9I1A6547-1024x253.jpg 1024w, http:\/\/www.betaimages.de\/stiftung\/wp-content\/uploads\/2023\/06\/jugend_allgemeineinfos_9I1A6547-768x190.jpg 768w, http:\/\/www.betaimages.de\/stiftung\/wp-content\/uploads\/2023\/06\/jugend_allgemeineinfos_9I1A6547-1536x380.jpg 1536w\" sizes=\"auto, (max-width: 1920px) 100vw, 1920px\" \/><\/div><\/figure>[\/vc_column][vc_column]<div class=\"vcex-heading vcex-module wpex-text-2xl wpex-font-normal wpex-m-auto wpex-max-w-100 vcex-heading-plain wpex-block wpex-text-center vc_custom_1685688436264\"><span class=\"vcex-heading-inner wpex-inline-block wpex-clr\">Allgemeine Informationen<\/span><\/div>[\/vc_column][\/vc_row][vc_row][vc_column width=&#8220;5\/6&#8243; offset=&#8220;vc_col-lg-offset-2 vc_col-lg-8 vc_col-xs-offset-1 vc_col-xs-10&#8243;][vc_column_text]Euer Jugendwart Volker B\u00f6ll und sein Team hei\u00dfen Euch herzlich willkommen.<\/p>\n<p>Aktive Jugendarbeit sichert die Zukunft des Golfsports. Aus diesem Grund liegt dem Golfclub Heddesheim Gut Neuzenhof die Kinder- und Jugendf\u00f6rderung besonders am Herzen.<\/p>\n<p>Oberstes Ziel unseres Jugendf\u00f6rderkonzeptes ist es, interessierte Jugendliche f\u00fcr den Golfsport zu begeistern und sie langfristig an die Sportart zu binden. Weiterhin m\u00f6chten wir m\u00f6glichst viele Jugendliche motivieren, Golf als Leistungssport zu betreiben.<\/p>\n<p>Die ersten Mannschaften des GC Heddesheim spielen auf einem hohen sportlichen Niveau und sind in nationalen Ligen in der 2. Bundesliga (Herren) und Regionalliga (Damen) und in Baden-W\u00fcrttemberg (Herren 1. Liga, Damen 2. Liga) immer vorne mit dabei.<\/p>\n<p>F\u00fcr diese Mannschaften soll der Unterbau aus unserer Nachwuchsarbeit kommen.<\/p>\n<p>Derzeit haben wir ca. 130 Kinder in der Basisf\u00f6rderung (Breitensport) und ca. 20 Jugendliche in den F\u00f6rdergruppen (Leistungsbereich).<\/p>\n<p>Schaut doch einfach mal in der Gesch\u00e4ftsstelle vorbei oder nehmt telefonisch oder per Mail Kontakt mit dem Betreff &#8222;Jugendwart&#8220; auf.<\/p>\n<p>Die Jugendabteilung freut sich \u00fcber jeden Golfneueinsteiger.[\/vc_column_text][vc_row_inner css=&#8220;.vc_custom_1685689476361{margin-top: 40px !important;}&#8220;][vc_column_inner width=&#8220;1\/5&#8243;]<figure class=\"vcex-image vcex-module wpex-clr\"><div class=\"vcex-image-inner wpex-relative wpex-inline-block\"><img decoding=\"async\" width=\"200\" height=\"201\" src=\"http:\/\/www.betaimages.de\/stiftung\/wp-content\/uploads\/2023\/05\/person9.jpg\" class=\"wpex-align-middle\" alt=\"\" loading=\"lazy\" srcset=\"http:\/\/www.betaimages.de\/stiftung\/wp-content\/uploads\/2023\/05\/person9.jpg 200w, http:\/\/www.betaimages.de\/stiftung\/wp-content\/uploads\/2023\/05\/person9-150x150.jpg 150w\" sizes=\"auto, (max-width: 200px) 100vw, 200px\" \/><\/div><\/figure>[\/vc_column_inner][vc_column_inner width=&#8220;4\/5&#8243;][vc_column_text]Jugendwart Volker B\u00f6ll<br \/>\nTel. 06204 \u2013 97 69 0 oder\u00a0<a href=\"mailto:service@gc-heddesheim.de\">service@gc-heddesheim.de<\/a>[\/vc_column_text][\/vc_column_inner][\/vc_row_inner][\/vc_column][\/vc_row][vc_row][vc_column][\/vc_column][\/vc_row]\n","protected":false},"excerpt":{"rendered":"<p>[vc_row][vc_column][\/vc_column][vc_column][\/vc_column][\/vc_row][vc_row][vc_column width=&#8220;5\/6&#8243; offset=&#8220;vc_col-lg-offset-2 vc_col-lg-8 vc_col-xs-offset-1 vc_col-xs-10&#8243;][vc_column_text]Euer Jugendwart Volker B\u00f6ll und sein Team hei\u00dfen Euch herzlich willkommen. Aktive Jugendarbeit sichert die Zukunft des Golfsports. Aus diesem Grund liegt dem Golfclub Heddesheim Gut Neuzenhof die Kinder- und Jugendf\u00f6rderung besonders am Herzen. Oberstes Ziel unseres Jugendf\u00f6rderkonzeptes ist es, interessierte Jugendliche f\u00fcr den Golfsport zu begeistern und sie langfristig&hellip;<\/p>\n","protected":false},"author":1,"featured_media":0,"parent":0,"menu_order":0,"comment_status":"closed","ping_status":"closed","template":"","meta":{"footnotes":""},"class_list":["post-1006","page","type-page","status-publish","hentry","entry","no-media"],"_links":{"self":[{"href":"http:\/\/www.betaimages.de\/stiftung\/wp-json\/wp\/v2\/pages\/1006","targetHints":{"allow":["GET"]}}],"collection":[{"href":"http:\/\/www.betaimages.de\/stiftung\/wp-json\/wp\/v2\/pages"}],"about":[{"href":"http:\/\/www.betaimages.de\/stiftung\/wp-json\/wp\/v2\/types\/page"}],"author":[{"embeddable":true,"href":"http:\/\/www.betaimages.de\/stiftung\/wp-json\/wp\/v2\/users\/1"}],"replies":[{"embeddable":true,"href":"http:\/\/www.betaimages.de\/stiftung\/wp-json\/wp\/v2\/comments?post=1006"}],"version-history":[{"count":5,"href":"http:\/\/www.betaimages.de\/stiftung\/wp-json\/wp\/v2\/pages\/1006\/revisions"}],"predecessor-version":[{"id":1391,"href":"http:\/\/www.betaimages.de\/stiftung\/wp-json\/wp\/v2\/pages\/1006\/revisions\/1391"}],"wp:attachment":[{"href":"http:\/\/www.betaimages.de\/stiftung\/wp-json\/wp\/v2\/media?parent=1006"}],"curies":[{"name":"wp","href":"https:\/\/api.w.org\/{rel}","templated":true}]}}