{"id":1275,"date":"2023-06-01T15:07:08","date_gmt":"2023-06-01T13:07:08","guid":{"rendered":"https:\/\/www.betaimages.de\/stiftung\/?page_id=1275"},"modified":"2023-06-02T10:02:42","modified_gmt":"2023-06-02T08:02:42","slug":"golf-natur","status":"publish","type":"page","link":"http:\/\/www.betaimages.de\/stiftung\/golf-natur\/","title":{"rendered":"golf-natur"},"content":{"rendered":"[vc_row][vc_column]<figure class=\"vcex-image vcex-module wpex-clr\"><div class=\"vcex-image-inner wpex-relative wpex-inline-block\"><img decoding=\"async\" width=\"1920\" height=\"560\" src=\"http:\/\/www.betaimages.de\/stiftung\/wp-content\/uploads\/2023\/06\/IMG_0202_mediathek-newsarchiv.jpg\" class=\"wpex-align-middle\" alt=\"\" loading=\"lazy\" srcset=\"http:\/\/www.betaimages.de\/stiftung\/wp-content\/uploads\/2023\/06\/IMG_0202_mediathek-newsarchiv.jpg 1920w, http:\/\/www.betaimages.de\/stiftung\/wp-content\/uploads\/2023\/06\/IMG_0202_mediathek-newsarchiv-300x88.jpg 300w, http:\/\/www.betaimages.de\/stiftung\/wp-content\/uploads\/2023\/06\/IMG_0202_mediathek-newsarchiv-1024x299.jpg 1024w, http:\/\/www.betaimages.de\/stiftung\/wp-content\/uploads\/2023\/06\/IMG_0202_mediathek-newsarchiv-768x224.jpg 768w, http:\/\/www.betaimages.de\/stiftung\/wp-content\/uploads\/2023\/06\/IMG_0202_mediathek-newsarchiv-1536x448.jpg 1536w\" sizes=\"auto, (max-width: 1920px) 100vw, 1920px\" \/><\/div><\/figure>[\/vc_column][\/vc_row][vc_row][vc_column]<div class=\"vcex-heading vcex-module wpex-text-2xl wpex-font-normal wpex-m-auto wpex-max-w-100 vcex-heading-plain wpex-block wpex-text-center vc_custom_1685625054659\"><span class=\"vcex-heading-inner wpex-inline-block wpex-clr\">Golf &amp; Natur<\/span><\/div>[\/vc_column][\/vc_row][vc_row css=&#8220;.vc_custom_1685624981238{margin-top: 40px !important;margin-bottom: 40px !important;}&#8220;][vc_column width=&#8220;5\/6&#8243; offset=&#8220;vc_col-lg-offset-2 vc_col-lg-8 vc_col-md-offset-1 vc_col-md-10 vc_col-sm-offset-1 vc_col-xs-offset-1 vc_col-xs-10&#8243;]<div class=\"wpex-post-cards wpex-post-cards-template_1406 wpex-relative\"><div class=\"wpex-post-cards-inner\"><div class=\"wpex-post-cards-loop wpex-post-cards-list wpex-grid wpex-grid-cols-1 wpex-gap-15\"><div class=\"wpex-post-cards-entry post-1428 type-post cat-1 post_series-18\"><div class=\"wpex-card wpex-card-template_1406\"><style>.vc_custom_1685691188506{margin-top: 40px !important;margin-bottom: 40px !important;padding-right: 15px !important;padding-left: 15px !important;}<\/style><a href=\"http:\/\/www.betaimages.de\/stiftung\/2023\/06\/02\/weissstorch-ciconia-ciconia-bruetet-auf-gelaende-des-gc-heddesheim\/\" aria-label=\"WEISSSTORCH CICONIA CICONIA BR\u00dcTET AUF GEL\u00c4NDE DES GC HEDDESHEIM\" class=\"wpex-card-inner wpex-no-underline wpex-inherit-color\"><div class=\"vc_row wpb_row vc_row-fluid\"><div class=\"wpb_column vc_column_container vc_col-sm-12\"><div class=\"vc_column-inner\"><div class=\"wpb_wrapper\"><div class=\"vcex-heading vcex-module wpex-text-2xl wpex-font-normal wpex-m-auto wpex-max-w-100 vcex-heading-plain wpex-block wpex-text-center vc_custom_1685691188506\" style=\"color:#166151;font-size:20px;\"><span class=\"vcex-heading-inner wpex-inline-block wpex-clr\">WEISSSTORCH CICONIA CICONIA BR\u00dcTET AUF GEL\u00c4NDE DES GC HEDDESHEIM<\/span><\/div><\/div><\/div><\/div><\/div><div class=\"vc_row wpb_row vc_row-fluid\"><div class=\"wpb_column vc_column_container vc_col-sm-12\"><div class=\"vc_column-inner\"><div class=\"wpb_wrapper\">\n<div  class=\"vcex-post-content vcex-clr\">\n\n\t\n\t\t\t\t\t<div class=\"vcex-post-content-c wpex-clr\">\n<p><span rel=\"noreferrer noopener\" href=\"https:\/\/gc-heddesheim.de\/wp-content\/uploads\/2017\/04\/Wei%C3%9Fstorch-br%C3%BCtet-auf-Gel%C3%A4nde-GC-Heddesheim.pdf\" target=\"_blank\">Hier<\/span>\u00a0geht es zum Artikel aus Ornithologische Mitteilungen.<\/p>\n<\/div>\n\n\t\t\t\t\t\n\t\n\t\n<\/div><\/div><\/div><\/div><\/div>\n<\/a><\/div><\/div><div class=\"wpex-post-cards-entry post-1430 type-post cat-1 post_series-18\"><div class=\"wpex-card wpex-card-template_1406\"><a href=\"http:\/\/www.betaimages.de\/stiftung\/2023\/06\/02\/golf-und-natur-neue-zertifizierung-gold\/\" aria-label=\"GOLF UND NATUR &#8211; NEUE ZERTIFIZIERUNG GOLD\" class=\"wpex-card-inner wpex-no-underline wpex-inherit-color\"><div class=\"vc_row wpb_row vc_row-fluid\"><div class=\"wpb_column vc_column_container vc_col-sm-12\"><div class=\"vc_column-inner\"><div class=\"wpb_wrapper\"><div class=\"vcex-heading vcex-module wpex-text-2xl wpex-font-normal wpex-m-auto wpex-max-w-100 vcex-heading-plain wpex-block wpex-text-center vc_custom_1685691188506\" style=\"color:#166151;font-size:20px;\"><span class=\"vcex-heading-inner wpex-inline-block wpex-clr\">GOLF UND NATUR &#8211; NEUE ZERTIFIZIERUNG GOLD<\/span><\/div><\/div><\/div><\/div><\/div><div class=\"vc_row wpb_row vc_row-fluid\"><div class=\"wpb_column vc_column_container vc_col-sm-12\"><div class=\"vc_column-inner\"><div class=\"wpb_wrapper\">\n<div  class=\"vcex-post-content vcex-clr\">\n\n\t\n\t\t\t\t\t<div class=\"vcex-post-content-c wpex-clr\">\n<p>Liebe Mitglieder, sehr geehrte Damen und Herren,<br>im Jahre 2014 erarbeiteten wir uns die Zertifizierung \u201eBronze\u201c. Danach folgte im Jahre 2015 die Pr\u00fcfung zu \u201eSilber\u201c.<\/p>\n\n\n\n<p><strong>In diesen Tagen haben wir&nbsp; die Auszeichnung \u201eZertifikat Gold\u201c erhalten.<\/strong><br>Es mussten entsprechende Qualit\u00e4tsstandards bei nachfolgenden Programmschwerpunkten erreicht werden:<br>&#8211; Natur und Landschaft<br>&#8211; Pflege und Spielbetrieb<br>&#8211; Arbeitssicherheit und Umweltmanagement<br>&#8211; \u00d6ffentlichkeitsarbeit und Infrastruktur<br><br>Diese Auszeichnung wurde bisher bei aktuell 814 Golfclubs in Deutschland nur 73 mal an Premium-Clubs vergeben. Wir geh\u00f6ren ab sofort zu diesem qualifizierten Kreis.<br>Nat\u00fcrlich sind wir alle sehr stolz auf diese \u201eGoldmedaille\u201c.<br>An dieser Stelle m\u00f6chte ich mich&nbsp; besonders bei dem Golf und Natur Arbeitskreis &#8211; Rob Coombe, Christine Walch, Susanne Schmitt, Christine Hartmann &#8211;&nbsp; aber auch bei allen anderen Mitarbeiterinnen in der Gesch\u00e4ftsstelle und den Greenkeepern sehr herzlich bedanken, die diese besondere Zertifizierung mit erm\u00f6glicht haben.<br>Der Dank gilt auch dem Deutschen Golfverband (DGV), stellvertretend Herrn Prof. Martin Bocksch und der Deutschen Gesellschaft zur Zertifizierung von Managementsystemen (DQS), stellvertretend Herrn Bodo R\u00fcdiger, f\u00fcr die vertrauensvolle Zusammenarbeit.<br><br>Wir freuen uns f\u00fcr unseren Club \u00fcber diese Auszeichnung.<\/p>\n<\/div>\n\n\t\t\t\t\t\n\t\n\t\n<\/div><\/div><\/div><\/div><\/div>\n<\/a><\/div><\/div><\/div><\/div><\/div>[\/vc_column][\/vc_row]\n","protected":false},"excerpt":{"rendered":"Liebe Mitglieder, sehr geehrte Damen und Herren,im Jahre 2014 erarbeiteten wir uns die Zertifizierung \u201eBronze\u201c. Danach folgte im Jahre 2015 die Pr\u00fcfung zu \u201eSilber\u201c. In diesen Tagen haben wir&nbsp; die Auszeichnung \u201eZertifikat Gold\u201c erhalten.Es mussten entsprechende Qualit\u00e4tsstandards bei nachfolgenden Programmschwerpunkten erreicht werden:- Natur und Landschaft- Pflege und Spielbetrieb- Arbeitssicherheit und Umweltmanagement- \u00d6ffentlichkeitsarbeit und InfrastrukturDiese Auszeichnung&hellip;","protected":false},"author":1,"featured_media":0,"parent":0,"menu_order":0,"comment_status":"closed","ping_status":"closed","template":"","meta":{"footnotes":""},"class_list":["post-1275","page","type-page","status-publish","hentry","entry","no-media"],"_links":{"self":[{"href":"http:\/\/www.betaimages.de\/stiftung\/wp-json\/wp\/v2\/pages\/1275","targetHints":{"allow":["GET"]}}],"collection":[{"href":"http:\/\/www.betaimages.de\/stiftung\/wp-json\/wp\/v2\/pages"}],"about":[{"href":"http:\/\/www.betaimages.de\/stiftung\/wp-json\/wp\/v2\/types\/page"}],"author":[{"embeddable":true,"href":"http:\/\/www.betaimages.de\/stiftung\/wp-json\/wp\/v2\/users\/1"}],"replies":[{"embeddable":true,"href":"http:\/\/www.betaimages.de\/stiftung\/wp-json\/wp\/v2\/comments?post=1275"}],"version-history":[{"count":8,"href":"http:\/\/www.betaimages.de\/stiftung\/wp-json\/wp\/v2\/pages\/1275\/revisions"}],"predecessor-version":[{"id":1432,"href":"http:\/\/www.betaimages.de\/stiftung\/wp-json\/wp\/v2\/pages\/1275\/revisions\/1432"}],"wp:attachment":[{"href":"http:\/\/www.betaimages.de\/stiftung\/wp-json\/wp\/v2\/media?parent=1275"}],"curies":[{"name":"wp","href":"https:\/\/api.w.org\/{rel}","templated":true}]}}

[vc_row][vc_column]<figure class="vcex-image vcex-module wpex-clr"><div class="vcex-image-inner wpex-relative wpex-inline-block"><img decoding="async" width="1920" height="560" src="http://www.betaimages.de/stiftung/wp-content/uploads/2023/06/IMG_0202_mediathek-newsarchiv.jpg" class="wpex-align-middle" alt="" loading="lazy" srcset="http://www.betaimages.de/stiftung/wp-content/uploads/2023/06/IMG_0202_mediathek-newsarchiv.jpg 1920w, http://www.betaimages.de/stiftung/wp-content/uploads/2023/06/IMG_0202_mediathek-newsarchiv-300x88.jpg 300w, http://www.betaimages.de/stiftung/wp-content/uploads/2023/06/IMG_0202_mediathek-newsarchiv-1024x299.jpg 1024w, http://www.betaimages.de/stiftung/wp-content/uploads/2023/06/IMG_0202_mediathek-newsarchiv-768x224.jpg 768w, http://www.betaimages.de/stiftung/wp-content/uploads/2023/06/IMG_0202_mediathek-newsarchiv-1536x448.jpg 1536w" sizes="auto, (max-width: 1920px) 100vw, 1920px" /></div></figure>[/vc_column][/vc_row][vc_row][vc_column]<div class="vcex-heading vcex-module wpex-text-2xl wpex-font-normal wpex-m-auto wpex-max-w-100 vcex-heading-plain wpex-block wpex-text-center vc_custom_1685625054659"><span class="vcex-heading-inner wpex-inline-block wpex-clr">Golf &amp; Natur</span></div>[/vc_column][/vc_row][vc_row css=&#8220;.vc_custom_1685624981238{margin-top: 40px !important;margin-bottom: 40px !important;}&#8220;][vc_column width=&#8220;5/6&#8243; offset=&#8220;vc_col-lg-offset-2 vc_col-lg-8 vc_col-md-offset-1 vc_col-md-10 vc_col-sm-offset-1 vc_col-xs-offset-1 vc_col-xs-10&#8243;]<div class="wpex-post-cards wpex-post-cards-template_1406 wpex-relative"><div class="wpex-post-cards-inner"><div class="wpex-post-cards-loop wpex-post-cards-list wpex-grid wpex-grid-cols-1 wpex-gap-15"><div class="wpex-post-cards-entry post-1428 type-post cat-1 post_series-18"><div class="wpex-card wpex-card-template_1406"><style>.vc_custom_1685691188506{margin-top: 40px !important;margin-bottom: 40px !important;padding-right: 15px !important;padding-left: 15px !important;}</style><a href="http://www.betaimages.de/stiftung/2023/06/02/weissstorch-ciconia-ciconia-bruetet-auf-gelaende-des-gc-heddesheim/" aria-label="WEISSSTORCH CICONIA CICONIA BRÜTET AUF GELÄNDE DES GC HEDDESHEIM" class="wpex-card-inner wpex-no-underline wpex-inherit-color"><div class="vc_row wpb_row vc_row-fluid"><div class="wpb_column vc_column_container vc_col-sm-12"><div class="vc_column-inner"><div class="wpb_wrapper"><div class="vcex-heading vcex-module wpex-text-2xl wpex-font-normal wpex-m-auto wpex-max-w-100 vcex-heading-plain wpex-block wpex-text-center vc_custom_1685691188506" style="color:#166151;font-size:20px;"><span class="vcex-heading-inner wpex-inline-block wpex-clr">WEISSSTORCH CICONIA CICONIA BRÜTET AUF GELÄNDE DES GC HEDDESHEIM</span></div></div></div></div></div><div class="vc_row wpb_row vc_row-fluid"><div class="wpb_column vc_column_container vc_col-sm-12"><div class="vc_column-inner"><div class="wpb_wrapper">
<div  class="vcex-post-content vcex-clr">

	
					<div class="vcex-post-content-c wpex-clr">
<p><span rel="noreferrer noopener" href="https://gc-heddesheim.de/wp-content/uploads/2017/04/Wei%C3%9Fstorch-br%C3%BCtet-auf-Gel%C3%A4nde-GC-Heddesheim.pdf" target="_blank">Hier</span> geht es zum Artikel aus Ornithologische Mitteilungen.</p>
</div>

					
	
	
</div></div></div></div></div>
</a></div></div><div class="wpex-post-cards-entry post-1430 type-post cat-1 post_series-18"><div class="wpex-card wpex-card-template_1406"><a href="http://www.betaimages.de/stiftung/2023/06/02/golf-und-natur-neue-zertifizierung-gold/" aria-label="GOLF UND NATUR &#8211; NEUE ZERTIFIZIERUNG GOLD" class="wpex-card-inner wpex-no-underline wpex-inherit-color"><div class="vc_row wpb_row vc_row-fluid"><div class="wpb_column vc_column_container vc_col-sm-12"><div class="vc_column-inner"><div class="wpb_wrapper"><div class="vcex-heading vcex-module wpex-text-2xl wpex-font-normal wpex-m-auto wpex-max-w-100 vcex-heading-plain wpex-block wpex-text-center vc_custom_1685691188506" style="color:#166151;font-size:20px;"><span class="vcex-heading-inner wpex-inline-block wpex-clr">GOLF UND NATUR &#8211; NEUE ZERTIFIZIERUNG GOLD</span></div></div></div></div></div><div class="vc_row wpb_row vc_row-fluid"><div class="wpb_column vc_column_container vc_col-sm-12"><div class="vc_column-inner"><div class="wpb_wrapper">
<div  class="vcex-post-content vcex-clr">

	
					<div class="vcex-post-content-c wpex-clr">
<p>Liebe Mitglieder, sehr geehrte Damen und Herren,<br>im Jahre 2014 erarbeiteten wir uns die Zertifizierung „Bronze“. Danach folgte im Jahre 2015 die Prüfung zu „Silber“.</p>



<p><strong>In diesen Tagen haben wir&nbsp; die Auszeichnung „Zertifikat Gold“ erhalten.</strong><br>Es mussten entsprechende Qualitätsstandards bei nachfolgenden Programmschwerpunkten erreicht werden:<br>&#8211; Natur und Landschaft<br>&#8211; Pflege und Spielbetrieb<br>&#8211; Arbeitssicherheit und Umweltmanagement<br>&#8211; Öffentlichkeitsarbeit und Infrastruktur<br><br>Diese Auszeichnung wurde bisher bei aktuell 814 Golfclubs in Deutschland nur 73 mal an Premium-Clubs vergeben. Wir gehören ab sofort zu diesem qualifizierten Kreis.<br>Natürlich sind wir alle sehr stolz auf diese „Goldmedaille“.<br>An dieser Stelle möchte ich mich&nbsp; besonders bei dem Golf und Natur Arbeitskreis &#8211; Rob Coombe, Christine Walch, Susanne Schmitt, Christine Hartmann &#8211;&nbsp; aber auch bei allen anderen Mitarbeiterinnen in der Geschäftsstelle und den Greenkeepern sehr herzlich bedanken, die diese besondere Zertifizierung mit ermöglicht haben.<br>Der Dank gilt auch dem Deutschen Golfverband (DGV), stellvertretend Herrn Prof. Martin Bocksch und der Deutschen Gesellschaft zur Zertifizierung von Managementsystemen (DQS), stellvertretend Herrn Bodo Rüdiger, für die vertrauensvolle Zusammenarbeit.<br><br>Wir freuen uns für unseren Club über diese Auszeichnung.</p>
</div>

					
	
	
</div></div></div></div></div>
</a></div></div></div></div></div>[/vc_column][/vc_row]

Liebe Mitglieder, sehr geehrte Damen und Herren,im Jahre 2014 erarbeiteten wir uns die Zertifizierung „Bronze“. Danach folgte im Jahre 2015 die Prüfung zu „Silber“. In diesen Tagen haben wir&nbsp; die Auszeichnung „Zertifikat Gold“ erhalten.Es mussten entsprechende Qualitätsstandards bei nachfolgenden Programmschwerpunkten erreicht werden:- Natur und Landschaft- Pflege und Spielbetrieb- Arbeitssicherheit und Umweltmanagement- Öffentlichkeitsarbeit und InfrastrukturDiese Auszeichnung&hellip;
