{"id":1285,"date":"2023-06-01T16:33:27","date_gmt":"2023-06-01T14:33:27","guid":{"rendered":"https:\/\/www.betaimages.de\/stiftung\/?page_id=1285"},"modified":"2023-06-02T10:03:55","modified_gmt":"2023-06-02T08:03:55","slug":"platzregeln","status":"publish","type":"page","link":"http:\/\/www.betaimages.de\/stiftung\/platzregeln\/","title":{"rendered":"platzregeln"},"content":{"rendered":"[vc_row][vc_column]<figure class=\"vcex-image vcex-module wpex-clr\"><div class=\"vcex-image-inner wpex-relative wpex-inline-block\"><img decoding=\"async\" width=\"1920\" height=\"560\" src=\"http:\/\/www.betaimages.de\/stiftung\/wp-content\/uploads\/2023\/06\/9I1A6512-golfanlage-platzregeln.jpg\" class=\"wpex-align-middle\" alt=\"\" loading=\"lazy\" srcset=\"http:\/\/www.betaimages.de\/stiftung\/wp-content\/uploads\/2023\/06\/9I1A6512-golfanlage-platzregeln.jpg 1920w, http:\/\/www.betaimages.de\/stiftung\/wp-content\/uploads\/2023\/06\/9I1A6512-golfanlage-platzregeln-300x88.jpg 300w, http:\/\/www.betaimages.de\/stiftung\/wp-content\/uploads\/2023\/06\/9I1A6512-golfanlage-platzregeln-1024x299.jpg 1024w, http:\/\/www.betaimages.de\/stiftung\/wp-content\/uploads\/2023\/06\/9I1A6512-golfanlage-platzregeln-768x224.jpg 768w, http:\/\/www.betaimages.de\/stiftung\/wp-content\/uploads\/2023\/06\/9I1A6512-golfanlage-platzregeln-1536x448.jpg 1536w\" sizes=\"auto, (max-width: 1920px) 100vw, 1920px\" \/><\/div><\/figure>[\/vc_column][vc_column]<div class=\"vcex-heading vcex-module wpex-text-2xl wpex-font-normal wpex-m-auto wpex-max-w-100 vcex-heading-plain wpex-block wpex-text-center vc_custom_1685630255885\"><span class=\"vcex-heading-inner wpex-inline-block wpex-clr\">Platzregeln<\/span><\/div>[\/vc_column][\/vc_row][vc_row][vc_column width=&#8220;5\/6&#8243; offset=&#8220;vc_col-lg-offset-2 vc_col-lg-8 vc_col-md-offset-1 vc_col-md-10 vc_col-sm-offset-1 vc_col-xs-offset-1 vc_col-xs-10&#8243;][vc_column_text]Stand: 27.03.2019 &#8211;\u00a0<u>Hier Platzregeln downloaden<\/u><br \/>\n<u><br \/>\n<\/u>Gespielt wird nach den offiziellen Golfregeln des DGV und den jeweils ver\u00f6ffentlichten Platzregeln.<\/p>\n<p><strong>1.) AUS \u2013 REGEL 18<\/strong><\/p>\n<p>Aus wird durch wei\u00dfe Pfa\u0308hle oder Za\u0308une gekennzeichnet. Sofern wei\u00dfe Linien die Platzgrenze kennzeichnen, haben diese Vorrang. Aus wird auch festgelegt durch die Elektro-Za\u0308une an Loch 5 bis Loch 8.<\/p>\n<p><strong>1.1.) Erleichterung Elektro-Auszaun<\/strong><\/p>\n<p>Liegt der Ball eines Spielers auf dem Platz und innerhalb von zwei Schl\u00e4gerl\u00e4ngen vom Elektro-Auszaun auf den L\u00f6chern 5 bis 8, darf er straflose Erleichterung nach Regel 16.1 in Anspruch nehmen. Bezugspunkt ist der Punkt, der zwei Schl\u00e4gerl\u00e4ngen vom Zaun entfernt liegt und gleichweit vom Loch entfernt ist wie die Stelle, an der der Ball urspr\u00fcnglich lag.<\/p>\n<p><strong>1.2.) Internes Aus<\/strong><\/p>\n<p>W\u00e4hrend des Spiels von Loch 12 ist das in Spielrichtung links gelegene Loch 13, gekennzeichnet durch wei\u00dfe Pf\u00e4hle, Aus. Die wei\u00dfen Pf\u00e4hle werden beim Spiel von Loch 12 als Ausmarkierung behandelt. F\u00fcr alle anderen L\u00f6cher sind sie unbewegliche Hemmnisse.<\/p>\n<p><strong>2.) PENALTY AREAS \u2013 REGEL 17<\/strong><\/p>\n<p>Rote Penalty Areas sind markiert durch rote Pfosten und\/oder rote Linien.<br \/>\nGelbe Penalty Areas sind markiert durch gelbe Pfosten und\/oder gelbe Linien.<br \/>\nDie rote Penalty Area auf Loch 1 im Bereich links vor dem Gr\u00fcnbunker wird begrenzt durch rote Pfosten und\/oder rote Linien sowie durch den rechten Rand des dort befindlichen Caddiewegs.<br \/>\nSofern gelbe bzw. rote Linien die Penalty Areas kennzeichnen, haben diese Vorrang.<\/p>\n<p><strong>2.1.) Zuordnung besonderer Penalty Areas<\/strong><\/p>\n<p>Die Penalty Area an Abschlag 1 \/ Gr\u00fcn 18 gilt generell f\u00fcr Loch 1 als rote Penalty Area und f\u00fcr Loch 18 als gelbe Penalty Area.<br \/>\nDie Penalty Area an Gr\u00fcn 3 \/ Gr\u00fcn 11 gilt generell f\u00fcr Loch 3 als rote Penalty Area und f\u00fcr Loch 11 als gelbe Penalty Area.<\/p>\n<p><strong>2.2.) Provisorischer Ball beim Schlag zum Gr\u00fcn 17 bzw. zum Gr\u00fcn 18<\/strong><\/p>\n<p>Wei\u00df ein Spieler beim Schlag zum Gr\u00fcn 17 nicht, ob sein Ball sich in der zwischen Loch 17 und Loch 18 befindlichen Penalty Area befindet, darf er einen provisorischen Ball nach Regel 18.3 spielen.<\/p>\n<p>Wei\u00df ein Spieler beim Schlag zum Gr\u00fcn 18 nicht, ob sein Ball sich in der Penalty Area am Gr\u00fcn von Loch 18 befindet, darf er einen provisorischen Ball nach Regel 18.3 spielen.<\/p>\n<p>Beim Schlag des provisorischen Balls darf der Spieler die Erleichterungsm\u00f6glichkeit mit Schlag und Distanzverlust in Anspruch nehmen (siehe Regel 17.1d(1)), die Erleichterungsm\u00f6glichkeit \u201eauf der Linie zur\u00fcck\u201c (siehe Regel 17.1d(2)) oder, da es sich an Loch 17 um eine rote Penalty Area handelt, seitliche Erleichterung (siehe Regel 17.1d(3)).<\/p>\n<p>Sobald der Spieler einen provisorischen Ball nach dieser Regel gespielt hat, darf er keine weitere M\u00f6glichkeit nach Regel 17.1 in Bezug auf den urspr\u00fcnglichen Ball anwenden.<\/p>\n<p>Bei der Entscheidung, ob dieser provisorische Ball zum Ball im Spiel des Spielers wird oder ob er aufgegeben werden muss oder darf, finden Regeln 18.3c(2) und 18.3c(3) Anwendung, mit der Ausnahme:<br \/>\n<u>Der urspr\u00fcngliche Ball wird innerhalb der Suchzeit von 3 Minuten in der Penalty Area gefunden.<\/u>\u00a0Der Spieler darf w\u00e4hlen<\/p>\n<ul>\n<li>das Spiel mit seinem urspr\u00fcnglichen Ball, wie er in der Penalty Area liegt, fortzusetzen. In diesem Fall darf der Spieler den provisorischen Ball nicht spielen. Alle mit dem provisorischen Ball, bevor er aufgegeben wurde, gemachten Schl\u00e4ge (gespielte Schl\u00e4ge einschlie\u00dflich der Strafschl\u00e4ge, die nur beim Spielen dieses Balls anfielen) z\u00e4hlen nicht, oder<\/li>\n<li>das Spiel mit dem provisorischen Ball fortzusetzen. In diesem Fall darf der urspr\u00fcngliche Ball nicht gespielt werden.<\/li>\n<\/ul>\n<p><u>Wenn der urspr\u00fcngliche Ball nicht innerhalb der Suchzeit von 3 Minuten gefunden wird oder es bekannt oder so gut wie sicher ist, dass er in der Penalty Area ist:<br \/>\n<\/u>Der provisorische Ball wird zum Ball im Spiel des Spielers.<\/p>\n<p><strong>3.) SPIELVERBOTSZONEN<\/strong><\/p>\n<p>3.1.) Spielverbotszone &#8222;Biotop&#8220;<\/p>\n<p>Die mit Pf\u00e4hlen mit gr\u00fcnen K\u00f6pfen gekennzeichnete Bereiche an den L\u00f6chern 1, 2, 3, 4, 5, 10, 14, 15 und 17 sind Spielverbotszonen \u201eBiotop\u201c, die wie folgt gekennzeichnet bzw. zu behandeln sind:<\/p>\n<p>rote Pf\u00e4hle mit gr\u00fcner Kappe = rote Penalty Area<\/p>\n<p>wei\u00dfe Pf\u00e4hle mit gr\u00fcner Kappe = Aus<\/p>\n<p>Liegt der Ball in der Spielverbotszone der roten Penalty Areas, darf der Ball nicht gespielt werden, wie er liegt und Erleichterung nach Regel 17.1e muss von der Behinderung durch die Spielverbotszone in Anspruch genommen werden.<\/p>\n<p>Der Spieler muss straflose Erleichterung nach Regel 16.1f(2) in Anspruch nehmen, wenn sein Ball auf dem Platz liegt und etwas in der Spielverbotszone den beabsichtigten Stand oder Schwung des Spielers behindert. Der Spieler darf seinen Ball nicht spielen wie er liegt.<\/p>\n<p><u>Dropzone an Loch 14:<\/u><\/p>\n<p>Liegt der Ball in der Penalty Area von Loch 14 oder ist es bekannt oder so gut wie sicher, dass ein Ball, der nicht gefunden wurde, in der Penalty Area zur Ruhe kam, hat der Spieler jeweils mit einem Strafschlag die folgenden Erleichterungsm\u00f6glichkeiten:<\/p>\n<ul>\n<li>Er kann Erleichterung nach Regel 17.1 in Anspruch nehmen, oder<\/li>\n<li>als zus\u00e4tzliche M\u00f6glichkeit den urspr\u00fcnglichen Ball oder einen anderen Ball in der Dropzone bei Abschlag 15 (gelb) droppen. Die Dropzone ist ein Erleichterungsbereich nach Regel 14.3<\/li>\n<\/ul>\n<p><strong>3.2.) Spielverbotszonen &#8222;Wildblumenbeete&#8220;<\/strong><\/p>\n<p>Wildblumenbeete zwischen den L\u00f6chern 1\/18, 3\/10, 4\/13, 6\/15, 7\/16, 14\/15 und an Loch 11 sind Spielverbotszonen, die als ungew\u00f6hnliche Platzverh\u00e4ltnisse zu behandeln sind.<br \/>\nBei Behinderung durch die Spielverbotszone muss straflose Erleichterung nach Regel 16.1f in Anspruch genommen werden.<\/p>\n<p><strong>3.3.) Schutz junger B\u00e4ume<\/strong><\/p>\n<p>Die jungen B\u00e4ume, markiert durch Anpflocken, sind Spielverbotszonen:<\/p>\n<p>Liegt der Ball eines Spielers irgendwo auf dem Platz au\u00dfer in einer Penalty Area und liegt er an einem solchen Baum oder ber\u00fchrt diesen, oder ein solcher Baum behindert den Stand des Spielers oder seinen beabsichtigten Schwung, muss der Spieler Erleichterung nach Regel 16.1f in Anspruch nehmen.<\/p>\n<p><strong>3.4.) Boden in Ausbesserung<\/strong><\/p>\n<p>Boden in Ausbesserung ist jede mit wei\u00dfer Linie auf dem Boden oder mit Seilen eingekreiste Spielverbotszone, die als ungew\u00f6hnliche Platzverh\u00e4ltnisse zu behandeln ist.<\/p>\n<p>Bei Behinderung durch die Spielverbotszone muss straflose Erleichterung nach Regel 16.1f in Anspruch genommen werden.<\/p>\n<p><strong>4.) UNGEW\u00d6HNLICHE PLATZVERH\u00c4LTNISSE \u2013 REGEL 16.1<\/strong><\/p>\n<p><strong>4.1.)<\/strong>\u00a0Die Caddiewege innerhalb des Golfplatzes sind unbewegliche Hemmnisse.<\/p>\n<p><strong>4.2.)<\/strong>\u00a0Die Holzdielen der Innenkante des Bunkers an Gr\u00fcn 9 sind unbewegliche Hemmnisse.<\/p>\n<p><strong>4.3.) Sprinklerk\u00f6pfe am Gr\u00fcn<\/strong><br \/>\nDer Spieler darf Erleichterung nach Regel 16.1b in Anspruch nehmen, wenn ein unbewegliches Hemmnis (z. B. Sprinklerkopf) auf seiner Spiellinie liegt und<\/p>\n<ul>\n<li>innerhalb von zwei Schl\u00e4gerl\u00e4ngen vom Gr\u00fcn und<\/li>\n<li>innerhalb von zwei Schl\u00e4gerl\u00e4ngen vom Ball entfernt liegt.<\/li>\n<\/ul>\n<p><strong>4.4.)<\/strong>\u00a0Durch Tiere besch\u00e4digte Fl\u00e4chen im Gel\u00e4nde werden als ungew\u00f6hnliche Platzverh\u00e4ltnisse behandelt, von denen Erleichterung nach Regel 16.1b zul\u00e4ssig ist. Dies betrifft Behinderung durch Loch, Ausgerissenes, Aufgeworfenes oder Laufweg eines Tiers und ist dann gegeben, wenn ein Ball in einem solchen Umstand liegt oder ihn ber\u00fchrt.<\/p>\n<p>Die Behinderung gilt nicht als gegeben, wenn die Besch\u00e4digung nur den Stand des Spielers behindert.<\/p>\n<p><strong>5.) BALL DURCH STROMLEITUNG ABGELENKT<br \/>\n<\/strong><\/p>\n<p>Ist es bekannt oder so gut wie sicher, dass der Ball eines Spielers eine Stromleitung w\u00e4hrend des Spiels an Loch 4, 6, 12, 14 oder 15 getroffen hat, z\u00e4hlt der Schlag nicht. Der Spieler muss einen Ball straflos von der Stelle des vorherigen Schlags spielen (siehe Regel 14.6 zum Verfahren).<\/p>\n<p><strong>6.) VERWENDUNG MOTORISIERTER BEF\u00d6RDERUNGSMITTEL (z. B. Golf-Carts, Segway)<\/strong><\/p>\n<p>W\u00e4hrend einer Runde d\u00fcrfen ein Spieler oder sein Caddie nicht auf irgendeinem motorisierten Bef\u00f6rderungsmittel fahren, au\u00dfer dies wurde von der Spielleitung genehmigt (z. B. im Rahmen der Wettspielausschreibung) oder sp\u00e4ter gebilligt.<\/p>\n<p><strong>7.) \u00dcBEN (NACHPUTTEN) \u2013 REGEL 5.2 und 5.5<\/strong><\/p>\n<p>Ein Spieler darf im Z\u00e4hlspiel keinen \u00dcbungsschlag (z.B. \u201ePutten oder Chippen\u201d) nahe oder auf dem Gr\u00fcn des zuletzt gespielten Lochs ausf\u00fchren oder zum Pr\u00fcfen des Gr\u00fcns einen Ball rollen.<\/p>\n<p><strong>8.) VERHALTENSVORSCHRIFTEN<\/strong><\/p>\n<p>In Verifizierung von Regel 1.2 gilt f\u00fcr die Spielverbotszonen\u00a0<u>Biotop<\/u>\u00a0und\u00a0<u>Wildblumenbeete<\/u>\u00a0ein generelles Betretungsverbot.<\/p>\n<p>Strafe f\u00fcr Versto\u00df:<\/p>\n<ul>\n<li>Erster Versto\u00df: Verwarnung<\/li>\n<li>Zweiter Versto\u00df: Ein Strafschlag<\/li>\n<li>Dritter Versto\u00df: Grundstrafe (zwei Strafschl\u00e4ge bzw. Lochverlust)<\/li>\n<li>Vierter Versto\u00df: Disqualifikation<\/li>\n<\/ul>\n<p><strong>Strafe f\u00fcr Versto\u00df gegen die Platzregel: Grundstrafe<br \/>\n(Z\u00e4hlspiel: 2 Strafschl\u00e4ge \/\/ Lochspiel: Lochverlust)<\/strong><\/p>\n<p>Vor der Golfrunde ist jedes Mitglied der Gutperle Golf Courses verpflichtet, sich am Check In Terminal an Tee1 zu registrieren und somit seine f\u00fcr Tee 1 gebuchte Startzeit zu best\u00e4tigen.<br \/>\nSollte an Tee 1 keine Startzeit gebucht worden sein, ist eine Registrierung am Terminal trotzdem verpflichtend. Die n\u00e4chste Startzeit wird dem Spieler vom System angezeigt und zugeteilt.<br \/>\nEbenso verh\u00e4lt es sich beim Start an Tee 10, auch hier\u00a0 ist eine Registrierung am Terminal obligatorisch.[\/vc_column_text][\/vc_column][\/vc_row]\n","protected":false},"excerpt":{"rendered":"<p>[vc_row][vc_column][\/vc_column][vc_column][\/vc_column][\/vc_row][vc_row][vc_column width=&#8220;5\/6&#8243; offset=&#8220;vc_col-lg-offset-2 vc_col-lg-8 vc_col-md-offset-1 vc_col-md-10 vc_col-sm-offset-1 vc_col-xs-offset-1 vc_col-xs-10&#8243;][vc_column_text]Stand: 27.03.2019 &#8211;\u00a0Hier Platzregeln downloaden Gespielt wird nach den offiziellen Golfregeln des DGV und den jeweils ver\u00f6ffentlichten Platzregeln. 1.) AUS \u2013 REGEL 18 Aus wird durch wei\u00dfe Pfa\u0308hle oder Za\u0308une gekennzeichnet. Sofern wei\u00dfe Linien die Platzgrenze kennzeichnen, haben diese Vorrang. Aus wird auch festgelegt durch die Elektro-Za\u0308une&hellip;<\/p>\n","protected":false},"author":1,"featured_media":0,"parent":0,"menu_order":0,"comment_status":"closed","ping_status":"closed","template":"","meta":{"footnotes":""},"class_list":["post-1285","page","type-page","status-publish","hentry","entry","no-media"],"_links":{"self":[{"href":"http:\/\/www.betaimages.de\/stiftung\/wp-json\/wp\/v2\/pages\/1285","targetHints":{"allow":["GET"]}}],"collection":[{"href":"http:\/\/www.betaimages.de\/stiftung\/wp-json\/wp\/v2\/pages"}],"about":[{"href":"http:\/\/www.betaimages.de\/stiftung\/wp-json\/wp\/v2\/types\/page"}],"author":[{"embeddable":true,"href":"http:\/\/www.betaimages.de\/stiftung\/wp-json\/wp\/v2\/users\/1"}],"replies":[{"embeddable":true,"href":"http:\/\/www.betaimages.de\/stiftung\/wp-json\/wp\/v2\/comments?post=1285"}],"version-history":[{"count":4,"href":"http:\/\/www.betaimages.de\/stiftung\/wp-json\/wp\/v2\/pages\/1285\/revisions"}],"predecessor-version":[{"id":1434,"href":"http:\/\/www.betaimages.de\/stiftung\/wp-json\/wp\/v2\/pages\/1285\/revisions\/1434"}],"wp:attachment":[{"href":"http:\/\/www.betaimages.de\/stiftung\/wp-json\/wp\/v2\/media?parent=1285"}],"curies":[{"name":"wp","href":"https:\/\/api.w.org\/{rel}","templated":true}]}}