{"id":1303,"date":"2023-06-01T16:46:58","date_gmt":"2023-06-01T14:46:58","guid":{"rendered":"https:\/\/www.betaimages.de\/stiftung\/?page_id=1303"},"modified":"2023-06-02T10:31:15","modified_gmt":"2023-06-02T08:31:15","slug":"day-spa","status":"publish","type":"page","link":"http:\/\/www.betaimages.de\/stiftung\/day-spa\/","title":{"rendered":"day-spa"},"content":{"rendered":"[vc_row][vc_column]<figure class=\"vcex-image vcex-module wpex-clr\"><div class=\"vcex-image-inner wpex-relative wpex-inline-block\"><img decoding=\"async\" width=\"1920\" height=\"475\" src=\"http:\/\/www.betaimages.de\/stiftung\/wp-content\/uploads\/2023\/06\/GC_HEDDESHEIM_webrelaunch_08_dayspa_04-kopia.jpg\" class=\"wpex-align-middle\" alt=\"\" loading=\"lazy\" srcset=\"http:\/\/www.betaimages.de\/stiftung\/wp-content\/uploads\/2023\/06\/GC_HEDDESHEIM_webrelaunch_08_dayspa_04-kopia.jpg 1920w, http:\/\/www.betaimages.de\/stiftung\/wp-content\/uploads\/2023\/06\/GC_HEDDESHEIM_webrelaunch_08_dayspa_04-kopia-300x74.jpg 300w, http:\/\/www.betaimages.de\/stiftung\/wp-content\/uploads\/2023\/06\/GC_HEDDESHEIM_webrelaunch_08_dayspa_04-kopia-1024x253.jpg 1024w, http:\/\/www.betaimages.de\/stiftung\/wp-content\/uploads\/2023\/06\/GC_HEDDESHEIM_webrelaunch_08_dayspa_04-kopia-768x190.jpg 768w, http:\/\/www.betaimages.de\/stiftung\/wp-content\/uploads\/2023\/06\/GC_HEDDESHEIM_webrelaunch_08_dayspa_04-kopia-1536x380.jpg 1536w\" sizes=\"auto, (max-width: 1920px) 100vw, 1920px\" \/><\/div><\/figure>[\/vc_column][vc_column]<div class=\"vcex-heading vcex-module wpex-text-2xl wpex-font-normal wpex-m-auto wpex-max-w-100 vcex-heading-plain wpex-block wpex-text-center vc_custom_1685632384968\"><span class=\"vcex-heading-inner wpex-inline-block wpex-clr\">DAY-SPA<\/span><\/div><div class=\"vcex-heading vcex-module wpex-text-2xl wpex-font-normal wpex-m-auto wpex-max-w-100 vcex-heading-plain wpex-block wpex-text-center vc_custom_1685632396794\" style=\"color:#166151;font-size:20px;\"><span class=\"vcex-heading-inner wpex-inline-block wpex-clr\">TAUCHEN SIE EIN IN DIE WELT DER KOSMETIK UND DES WOHLF\u00dcHLENS!<\/span><\/div>[\/vc_column][\/vc_row][vc_row][vc_column width=&#8220;5\/6&#8243; offset=&#8220;vc_col-lg-offset-2 vc_col-lg-8 vc_col-xs-offset-1 vc_col-xs-10&#8243;][vc_column_text]Alle Lieben das Sch\u00f6ne. Nur wenige g\u00f6nnen es sich. In unserem day-spa verw\u00f6hnen wir Sie und Ihren K\u00f6rper, damit die Seele wieder Lust hat, darin zu wohnen. Begeben Sie sich in die H\u00e4nde eines erfahrenen, professionellen Teams. Profitieren Sie von unserem gut organisierten Zeitmanagement. Wir bieten Ihnen die M\u00f6glichkeit, ein gro\u00dfz\u00fcgiges, individuelles Angebot, kombiniert oder einzeln, stressfrei zu genie\u00dfen.<\/p>\n<p>Unser umfangreiches Behandlungsangebot finden Sie auf unserer Homepage:<br \/>\n<a href=\"http:\/\/www.dayspa-heddesheim.de\/\" target=\"_blank\" rel=\"noopener noreferrer\">www.dayspa-heddesheim.de<\/a>\u00a0oder rufen Sie uns an: 06204 &#8211; 976942<\/p>\n<p>Seit dem 01. April 2016 ist im Day-Spa zus\u00e4tzlich noch\u00a0ein Schulungszentrum der Marken Guinot, Mary Cohr und Cosmecology integriert worden.<br \/>\nUnter der Leitung von Katrin Moebus werden hier Kosmetikerinnen aus ganz Deutschland auf diese Produkte geschult.[\/vc_column_text]<figure class=\"vcex-image vcex-module wpex-clr\"><div class=\"vcex-image-inner wpex-relative wpex-inline-block vc_custom_1685694652344\"><img decoding=\"async\" width=\"1200\" height=\"501\" src=\"http:\/\/www.betaimages.de\/stiftung\/wp-content\/uploads\/2023\/06\/day-spa-2-e1488540255249.jpg\" class=\"wpex-align-middle\" alt=\"\" loading=\"lazy\" srcset=\"http:\/\/www.betaimages.de\/stiftung\/wp-content\/uploads\/2023\/06\/day-spa-2-e1488540255249.jpg 1200w, http:\/\/www.betaimages.de\/stiftung\/wp-content\/uploads\/2023\/06\/day-spa-2-e1488540255249-300x125.jpg 300w, http:\/\/www.betaimages.de\/stiftung\/wp-content\/uploads\/2023\/06\/day-spa-2-e1488540255249-1024x428.jpg 1024w, http:\/\/www.betaimages.de\/stiftung\/wp-content\/uploads\/2023\/06\/day-spa-2-e1488540255249-768x321.jpg 768w\" sizes=\"auto, (max-width: 1200px) 100vw, 1200px\" \/><\/div><\/figure>[\/vc_column][\/vc_row][vc_row css=&#8220;.vc_custom_1685632121919{background-image: url(http:\/\/www.betaimages.de\/stiftung\/wp-content\/uploads\/2023\/05\/bgbrown.jpg?id=520) !important;background-position: 0 0 !important;background-repeat: repeat !important;}&#8220;][vc_column width=&#8220;5\/6&#8243; offset=&#8220;vc_col-lg-offset-2 vc_col-lg-8 vc_col-xs-offset-1 vc_col-xs-10&#8243;]<div class=\"vcex-heading vcex-module wpex-text-2xl wpex-font-normal wpex-m-auto wpex-max-w-100 vcex-heading-plain wpex-block wpex-text-center vc_custom_1685632525916\" style=\"color:#423b29;font-size:20px;font-weight:700;\"><span class=\"vcex-heading-inner wpex-inline-block wpex-clr\">DAY SPA \u00d6FFNUNGSZEITEN<\/span><\/div>[vc_column_text text_align=&#8220;center&#8220; color=&#8220;#ffffff&#8220; css=&#8220;.vc_custom_1685632558896{margin-top: 60px !important;margin-bottom: 60px !important;}&#8220;]\n<div class=\"col-md-4 col-sm-12\">\n<div class=\"col-md-3\">\n<p style=\"text-align: center;\"><strong>Dienstag &#8211; Freitag:<\/strong><br \/>\n10.00 &#8211; 18.00 Uhr<\/p>\n<p>&nbsp;<\/p>\n<\/div>\n<div class=\"col-md-3\">\n<p style=\"text-align: center;\"><strong>Samstag:<\/strong><br \/>\n10.00 &#8211; 14.00 Uhr<\/p>\n<\/div>\n<\/div>\n[\/vc_column_text][\/vc_column][\/vc_row][vc_row][vc_column width=&#8220;5\/6&#8243; offset=&#8220;vc_col-lg-offset-2 vc_col-lg-8 vc_col-xs-offset-1 vc_col-xs-10&#8243;]<figure class=\"vcex-image vcex-module wpex-clr\"><div class=\"vcex-image-inner wpex-relative wpex-inline-block vc_custom_1685694668305\"><img decoding=\"async\" width=\"1200\" height=\"501\" src=\"http:\/\/www.betaimages.de\/stiftung\/wp-content\/uploads\/2023\/06\/day-spa-1-e1487329108887.jpg\" class=\"wpex-align-middle\" alt=\"\" loading=\"lazy\" srcset=\"http:\/\/www.betaimages.de\/stiftung\/wp-content\/uploads\/2023\/06\/day-spa-1-e1487329108887.jpg 1200w, http:\/\/www.betaimages.de\/stiftung\/wp-content\/uploads\/2023\/06\/day-spa-1-e1487329108887-300x125.jpg 300w, http:\/\/www.betaimages.de\/stiftung\/wp-content\/uploads\/2023\/06\/day-spa-1-e1487329108887-1024x428.jpg 1024w, http:\/\/www.betaimages.de\/stiftung\/wp-content\/uploads\/2023\/06\/day-spa-1-e1487329108887-768x321.jpg 768w\" sizes=\"auto, (max-width: 1200px) 100vw, 1200px\" \/><\/div><\/figure>[\/vc_column][\/vc_row]\n","protected":false},"excerpt":{"rendered":"<p>[vc_row][vc_column][\/vc_column][vc_column][\/vc_column][\/vc_row][vc_row][vc_column width=&#8220;5\/6&#8243; offset=&#8220;vc_col-lg-offset-2 vc_col-lg-8 vc_col-xs-offset-1 vc_col-xs-10&#8243;][vc_column_text]Alle Lieben das Sch\u00f6ne. Nur wenige g\u00f6nnen es sich. In unserem day-spa verw\u00f6hnen wir Sie und Ihren K\u00f6rper, damit die Seele wieder Lust hat, darin zu wohnen. Begeben Sie sich in die H\u00e4nde eines erfahrenen, professionellen Teams. Profitieren Sie von unserem gut organisierten Zeitmanagement. Wir bieten Ihnen die M\u00f6glichkeit, ein&hellip;<\/p>\n","protected":false},"author":1,"featured_media":0,"parent":0,"menu_order":0,"comment_status":"closed","ping_status":"closed","template":"","meta":{"footnotes":""},"class_list":["post-1303","page","type-page","status-publish","hentry","entry","no-media"],"_links":{"self":[{"href":"http:\/\/www.betaimages.de\/stiftung\/wp-json\/wp\/v2\/pages\/1303","targetHints":{"allow":["GET"]}}],"collection":[{"href":"http:\/\/www.betaimages.de\/stiftung\/wp-json\/wp\/v2\/pages"}],"about":[{"href":"http:\/\/www.betaimages.de\/stiftung\/wp-json\/wp\/v2\/types\/page"}],"author":[{"embeddable":true,"href":"http:\/\/www.betaimages.de\/stiftung\/wp-json\/wp\/v2\/users\/1"}],"replies":[{"embeddable":true,"href":"http:\/\/www.betaimages.de\/stiftung\/wp-json\/wp\/v2\/comments?post=1303"}],"version-history":[{"count":4,"href":"http:\/\/www.betaimages.de\/stiftung\/wp-json\/wp\/v2\/pages\/1303\/revisions"}],"predecessor-version":[{"id":1457,"href":"http:\/\/www.betaimages.de\/stiftung\/wp-json\/wp\/v2\/pages\/1303\/revisions\/1457"}],"wp:attachment":[{"href":"http:\/\/www.betaimages.de\/stiftung\/wp-json\/wp\/v2\/media?parent=1303"}],"curies":[{"name":"wp","href":"https:\/\/api.w.org\/{rel}","templated":true}]}}

[vc_row][vc_column]<figure class="vcex-image vcex-module wpex-clr"><div class="vcex-image-inner wpex-relative wpex-inline-block"><img decoding="async" width="1920" height="475" src="http://www.betaimages.de/stiftung/wp-content/uploads/2023/06/GC_HEDDESHEIM_webrelaunch_08_dayspa_04-kopia.jpg" class="wpex-align-middle" alt="" loading="lazy" srcset="http://www.betaimages.de/stiftung/wp-content/uploads/2023/06/GC_HEDDESHEIM_webrelaunch_08_dayspa_04-kopia.jpg 1920w, http://www.betaimages.de/stiftung/wp-content/uploads/2023/06/GC_HEDDESHEIM_webrelaunch_08_dayspa_04-kopia-300x74.jpg 300w, http://www.betaimages.de/stiftung/wp-content/uploads/2023/06/GC_HEDDESHEIM_webrelaunch_08_dayspa_04-kopia-1024x253.jpg 1024w, http://www.betaimages.de/stiftung/wp-content/uploads/2023/06/GC_HEDDESHEIM_webrelaunch_08_dayspa_04-kopia-768x190.jpg 768w, http://www.betaimages.de/stiftung/wp-content/uploads/2023/06/GC_HEDDESHEIM_webrelaunch_08_dayspa_04-kopia-1536x380.jpg 1536w" sizes="auto, (max-width: 1920px) 100vw, 1920px" /></div></figure>[/vc_column][vc_column]<div class="vcex-heading vcex-module wpex-text-2xl wpex-font-normal wpex-m-auto wpex-max-w-100 vcex-heading-plain wpex-block wpex-text-center vc_custom_1685632384968"><span class="vcex-heading-inner wpex-inline-block wpex-clr">DAY-SPA</span></div><div class="vcex-heading vcex-module wpex-text-2xl wpex-font-normal wpex-m-auto wpex-max-w-100 vcex-heading-plain wpex-block wpex-text-center vc_custom_1685632396794" style="color:#166151;font-size:20px;"><span class="vcex-heading-inner wpex-inline-block wpex-clr">TAUCHEN SIE EIN IN DIE WELT DER KOSMETIK UND DES WOHLFÜHLENS!</span></div>[/vc_column][/vc_row][vc_row][vc_column width=&#8220;5/6&#8243; offset=&#8220;vc_col-lg-offset-2 vc_col-lg-8 vc_col-xs-offset-1 vc_col-xs-10&#8243;][vc_column_text]Alle Lieben das Schöne. Nur wenige gönnen es sich. In unserem day-spa verwöhnen wir Sie und Ihren Körper, damit die Seele wieder Lust hat, darin zu wohnen. Begeben Sie sich in die Hände eines erfahrenen, professionellen Teams. Profitieren Sie von unserem gut organisierten Zeitmanagement. Wir bieten Ihnen die Möglichkeit, ein großzügiges, individuelles Angebot, kombiniert oder einzeln, stressfrei zu genießen.</p>
<p>Unser umfangreiches Behandlungsangebot finden Sie auf unserer Homepage:<br />
<a href="http://www.dayspa-heddesheim.de/" target="_blank" rel="noopener noreferrer">www.dayspa-heddesheim.de</a> oder rufen Sie uns an: 06204 &#8211; 976942</p>
<p>Seit dem 01. April 2016 ist im Day-Spa zusätzlich noch ein Schulungszentrum der Marken Guinot, Mary Cohr und Cosmecology integriert worden.<br />
Unter der Leitung von Katrin Moebus werden hier Kosmetikerinnen aus ganz Deutschland auf diese Produkte geschult.[/vc_column_text]<figure class="vcex-image vcex-module wpex-clr"><div class="vcex-image-inner wpex-relative wpex-inline-block vc_custom_1685694652344"><img decoding="async" width="1200" height="501" src="http://www.betaimages.de/stiftung/wp-content/uploads/2023/06/day-spa-2-e1488540255249.jpg" class="wpex-align-middle" alt="" loading="lazy" srcset="http://www.betaimages.de/stiftung/wp-content/uploads/2023/06/day-spa-2-e1488540255249.jpg 1200w, http://www.betaimages.de/stiftung/wp-content/uploads/2023/06/day-spa-2-e1488540255249-300x125.jpg 300w, http://www.betaimages.de/stiftung/wp-content/uploads/2023/06/day-spa-2-e1488540255249-1024x428.jpg 1024w, http://www.betaimages.de/stiftung/wp-content/uploads/2023/06/day-spa-2-e1488540255249-768x321.jpg 768w" sizes="auto, (max-width: 1200px) 100vw, 1200px" /></div></figure>[/vc_column][/vc_row][vc_row css=&#8220;.vc_custom_1685632121919{background-image: url(http://www.betaimages.de/stiftung/wp-content/uploads/2023/05/bgbrown.jpg?id=520) !important;background-position: 0 0 !important;background-repeat: repeat !important;}&#8220;][vc_column width=&#8220;5/6&#8243; offset=&#8220;vc_col-lg-offset-2 vc_col-lg-8 vc_col-xs-offset-1 vc_col-xs-10&#8243;]<div class="vcex-heading vcex-module wpex-text-2xl wpex-font-normal wpex-m-auto wpex-max-w-100 vcex-heading-plain wpex-block wpex-text-center vc_custom_1685632525916" style="color:#423b29;font-size:20px;font-weight:700;"><span class="vcex-heading-inner wpex-inline-block wpex-clr">DAY SPA ÖFFNUNGSZEITEN</span></div>[vc_column_text text_align=&#8220;center&#8220; color=&#8220;#ffffff&#8220; css=&#8220;.vc_custom_1685632558896{margin-top: 60px !important;margin-bottom: 60px !important;}&#8220;]
<div class="col-md-4 col-sm-12">
<div class="col-md-3">
<p style="text-align: center;"><strong>Dienstag &#8211; Freitag:</strong><br />
10.00 &#8211; 18.00 Uhr</p>
<p>&nbsp;</p>
</div>
<div class="col-md-3">
<p style="text-align: center;"><strong>Samstag:</strong><br />
10.00 &#8211; 14.00 Uhr</p>
</div>
</div>
[/vc_column_text][/vc_column][/vc_row][vc_row][vc_column width=&#8220;5/6&#8243; offset=&#8220;vc_col-lg-offset-2 vc_col-lg-8 vc_col-xs-offset-1 vc_col-xs-10&#8243;]<figure class="vcex-image vcex-module wpex-clr"><div class="vcex-image-inner wpex-relative wpex-inline-block vc_custom_1685694668305"><img decoding="async" width="1200" height="501" src="http://www.betaimages.de/stiftung/wp-content/uploads/2023/06/day-spa-1-e1487329108887.jpg" class="wpex-align-middle" alt="" loading="lazy" srcset="http://www.betaimages.de/stiftung/wp-content/uploads/2023/06/day-spa-1-e1487329108887.jpg 1200w, http://www.betaimages.de/stiftung/wp-content/uploads/2023/06/day-spa-1-e1487329108887-300x125.jpg 300w, http://www.betaimages.de/stiftung/wp-content/uploads/2023/06/day-spa-1-e1487329108887-1024x428.jpg 1024w, http://www.betaimages.de/stiftung/wp-content/uploads/2023/06/day-spa-1-e1487329108887-768x321.jpg 768w" sizes="auto, (max-width: 1200px) 100vw, 1200px" /></div></figure>[/vc_column][/vc_row]

<p>[vc_row][vc_column][/vc_column][vc_column][/vc_column][/vc_row][vc_row][vc_column width=&#8220;5/6&#8243; offset=&#8220;vc_col-lg-offset-2 vc_col-lg-8 vc_col-xs-offset-1 vc_col-xs-10&#8243;][vc_column_text]Alle Lieben das Schöne. Nur wenige gönnen es sich. In unserem day-spa verwöhnen wir Sie und Ihren Körper, damit die Seele wieder Lust hat, darin zu wohnen. Begeben Sie sich in die Hände eines erfahrenen, professionellen Teams. Profitieren Sie von unserem gut organisierten Zeitmanagement. Wir bieten Ihnen die Möglichkeit, ein&hellip;</p>
